12
Suppose -4788 = 10*q - 5268. What is the greatest common factor of q and 5648?
16
Let y be (-9)/21 + 2*(-9)/(-42). Suppose a - 3*a + 30 = y. What is the highest common factor of 480 and a?
15
Let z = 3162 + -3047. What is the greatest common divisor of 5980 and z?
115
Suppose 22*p + 258 = 808. Suppose 22*a = p*a - 294. Calculate the highest common divisor of 14 and a.
14
Let k(u) = -79*u + 1882. Let q be k(-52). What is the highest common divisor of 10 and q?
10
Let d(j) = -3*j - 1. Let q(m) = -10*m - 192. Let z(l) = 3*d(l) - q(l). Let y be z(-20). Calculate the greatest common factor of y and 91.
13
Let c(m) = m - 14. Let q = 18 - 0. Let x be c(q). Suppose -2*d + 3*d + 4*g + 2 = 0, 0 = x*g + 4. Calculate the greatest common factor of d and 16.
2
Suppose -4*j + w + 65 = 4*w, 3*j + 3*w = 51. Let c be -5 + ((-1348)/(-7) - (-6)/j). What is the greatest common divisor of 235 and c?
47
Let l = 528 - 492. Let n(x) = 37*x**3 + x**2 - 3*x + 1. Let w be n(1). What is the greatest common factor of l and w?
36
Let u(c) = 4*c**3 + 1. Let m be 1/4 + 3/4. Let l be u(m). Suppose 436*v - 334*v = 273*v - 4275. What is the highest common divisor of l and v?
5
Suppose -1857*k - 963690 = -1948*k. Calculate the highest common divisor of k and 60.
30
Let c(w) = 2*w**3 - 19*w**2 - 10*w - 168. Let o be c(12). What is the highest common divisor of 624 and o?
48
Suppose 0 = -4*x - 2*v + 60, 7*v + 54 = 2*x + 2*v. Calculate the greatest common factor of x and 2312.
17
Suppose -41325 - 26715 = -92*i - 13392. Calculate the highest common divisor of i and 44.
22
Let l(v) be the second derivative of 251*v**4/4 + v**3/6 - v**2/2 + 26*v. Let m be l(1). Suppose -2*z - 213 = -m. What is the highest common factor of 30 and z?
30
Let l(x) be the second derivative of 5*x**4/12 - 25*x**3/6 + 3*x**2 - 20*x. Let a be l(10). What is the greatest common divisor of a and 32?
32
Let y(f) = -9 + 0*f**2 - 38 + 207*f + f**2 - 198*f. Let d be y(-15). What is the highest common factor of 559 and d?
43
Let n = -5690 + 5865. Calculate the highest common divisor of 455 and n.
35
Suppose -x - 1 = 0, w - 764 = -x - 250. Let l = w - 455. Let g(t) = 11*t**2 + 1. Let s be g(2). What is the highest common divisor of s and l?
15
Let m be 248/6*2/4*-3. Let v = m - -38. Let l = v + 49. What is the highest common divisor of l and 175?
25
Suppose -20 - 8 = -4*m. Suppose 4*j = p + 8, -2 = -4*j + 6. Let z(k) = -3*k + 77. Let t be z(p). What is the highest common divisor of m and t?
7
Let d be 519/3 + -15 - -7. What is the greatest common divisor of d and 385?
55
Let c = 27 + -17. Let j = 806156 - 806146. Calculate the highest common divisor of j and c.
10
Let j be (-6 - -27)*(-2)/(-3). Let g(q) = 2*q + 4*q + 0*q - 3*q - 33. Let b be g(j). Calculate the highest common divisor of 36 and b.
9
Let o be 2 + (13 - (-304 + -5)). What is the greatest common factor of 252 and o?
36
Let w be -22*(-3 - ((-60)/(-8))/(-3)). Suppose 7*i - w*i - 4 = 0. Let k be (8/12)/(1/(-105)*i). What is the highest common factor of k and 7?
7
Let p(g) = -7*g**2 + 4*g + 4. Let s be p(-1). Let a(c) = 6*c - 2*c - c + c**2 + 14. Let x be a(s). Calculate the greatest common factor of x and 6.
6
Suppose 127*q + 4970 = 3*f + 125*q, -5*f + 8274 = -2*q. Calculate the highest common factor of f and 434.
14
Let y = -17832 - -17846. Calculate the greatest common factor of 232 and y.
2
Let c(r) = 38*r - 602. Let q be c(20). Calculate the highest common divisor of 237 and q.
79
Suppose 5*b + 10 = 0, 0 = 2*w + b + 4*b + 8. Let d be 10/20*18/w. What is the highest common factor of 12 and d?
3
Let g(l) = 126*l + 4830. Let n be g(-38). Suppose 2*a - 5 = -4*h + 41, 0 = h + 3*a - 9. Calculate the highest common factor of n and h.
6
Suppose -5*n + 106 + 219 = 0. Let g(i) = -126*i - 247. Let j be g(-2). What is the greatest common factor of n and j?
5
Suppose 0 = 4*x + 17 + 3, 0 = 5*j + 3*x + 285. Let q be 0 + (2 - 2) - 90. Let z = j - q. What is the greatest common factor of 27 and z?
9
Let m be (-5)/2*(-384)/160. Let v be 80/(-6)*m/4*-2. Suppose 0 = -h + 4*h + 5*a - 40, 4*a - 84 = -5*h. Calculate the highest common factor of v and h.
20
Let f be ((-816)/(-84))/17*1498. Calculate the greatest common divisor of f and 8.
8
Suppose 4*z - 1711 = 5*p, -2*z - 1031 = -4*p + 7*p. Let b = -317 - p. Calculate the greatest common factor of 416 and b.
26
Let p be (-700)/(-16) + (-28)/(-100 - 12). What is the greatest common divisor of p and 891?
11
Let f(k) = 2*k**3 + 3*k**2 - 13*k + 14. Let x be f(4). Let r = x + -57. Suppose -3*n + 123 - 42 = 0. What is the greatest common divisor of n and r?
27
Let l(y) = -y**2 + 35. Let k be l(0). Suppose 0 = -n + 4*q + 25, -453*q + 451*q = n + 5. Calculate the greatest common divisor of k and n.
5
Suppose 5*a = -4*q + 161, -q = 14*a - 15*a - 29. Suppose 0*j + 2*j = -2*z + 38, -3*z + 43 = -4*j. Calculate the highest common divisor of z and q.
17
Suppose 1685*l - 492*l = -1108*l + 29913. Suppose 5*y = -2*p + 983, -4*p = -y - 4*y + 959. Calculate the greatest common divisor of y and l.
13
Let o(l) = 15*l - 27. Let x = 84 + -75. Let d be o(x). What is the greatest common divisor of 4 and d?
4
Suppose 0 = -12*b + 9682 + 83174. What is the greatest common factor of 106 and b?
106
Let d(l) = 35*l - 5140. Let y be d(147). What is the highest common factor of y and 1165?
5
Suppose 83*c = 67*c + 480. Calculate the greatest common factor of 1920 and c.
30
Let m(h) = -h**2 + 82*h - 828. Let u be m(13). What is the highest common factor of 24 and u?
3
Suppose 0 = -82*t + 84*t + 644. Let l = 346 + t. Calculate the highest common factor of l and 72.
24
Let t(j) = -2*j**2 - 28*j + 13. Let g be -15 + (20/(-5) - -3 - -2). Let i be t(g). What is the highest common factor of i and 104?
13
Suppose -4*t + v = -947, 0 = -2*t + 109*v - 114*v + 501. Calculate the greatest common factor of 1036 and t.
14
Let b(v) = v**3 - 11*v**2 + 11*v + 112. Let w be b(17). What is the highest common divisor of 57 and w?
19
Suppose 4*i = -60 + 64. Let m be (-6 - (2 - 21))*(i + 18). Suppose 2*l - 39 = m. What is the highest common divisor of l and 13?
13
Let o(s) = -362*s - 3364. Let f be o(-22). What is the greatest common divisor of 16 and f?
8
Let d(k) = 2*k + 13705. Let t be d(182). What is the highest common factor of t and 11?
11
Let y = -24 - -68. Let m = 2820 + -2314. What is the highest common factor of m and y?
22
Let q(w) = -w**3 - 17*w**2 + 175*w - 15. Let g be q(-26). Calculate the greatest common factor of 343 and g.
49
Let s(v) = 450*v - 1575. Let o be s(4). Let b = 35 - -10. What is the greatest common divisor of b and o?
45
Let i = -640 + 637. Let j be (6 + 10/(-2))/(i/(-21)). Calculate the highest common divisor of 2 and j.
1
Let l = -21 + 16. Let p(f) = -f**2 - 2*f + 3. Let w be p(l). Let h be ((-144)/15)/(w/40). What is the highest common factor of 4 and h?
4
Let p(t) = 199*t**3 + 1. Let d be p(1). Let h = d + -96. Let l = -20 + h. Calculate the highest common divisor of 12 and l.
12
Let x = 193 + -89. Suppose 3*i - w = 98, 6*w = 4*i + w - 149. Suppose 0 = n + 3*r - 1 - 9, 0 = -2*n + 5*r + i. Calculate the greatest common divisor of n and x.
13
Suppose 3*v - 31698 = -10*z, -z - 55 = -58. Calculate the highest common factor of 140 and v.
28
Suppose 62 = -3*b + 11. Let s = 21 + b. Let k = -1415 + 1423. What is the greatest common factor of s and k?
4
Suppose 0 = -5*n + 2*j + 138, -5*n - 17*j = -21*j - 126. Calculate the highest common factor of n and 291.
3
Let m(s) = -8*s + 1. Let w be m(-2). Let d(b) = b**3 - 7*b**2 - 4689*b - 194. Let p be d(-65). Calculate the highest common divisor of p and w.
17
Suppose -4*h - z = -12038, -9663 - 2351 = -4*h + 3*z. Calculate the greatest common factor of h and 940.
188
Let b be 30/165 - (384/(-22))/3. Suppose 4*p - 82 + b = 0. Let g = p - 6. What is the greatest common divisor of g and 208?
13
Let r(h) = h**2 + 5*h + 3. Let z be r(-5). Let d be (6 + (5 - 62))/(z/(-2)). Calculate the highest common divisor of d and 306.
34
Suppose 0 = -4*h - 3*l + 580, -l + 3*l + 600 = 4*h. Suppose 2*d + o - 221 = 0, -3*d - 6*o + 338 = -11*o. Calculate the greatest common divisor of h and d.
37
Let s(i) = -2*i - 97. Let y be s(-58). What is the greatest common divisor of 1216 and y?
19
Suppose 2*j - 221 = 5*a, -653 = -6*j - 1